{"id":14252,"date":"2026-05-03T10:07:14","date_gmt":"2026-05-03T08:07:14","guid":{"rendered":"https:\/\/dika.hr\/shop\/?page_id=14252"},"modified":"2026-05-03T10:32:19","modified_gmt":"2026-05-03T08:32:19","slug":"blog","status":"publish","type":"page","link":"https:\/\/dika.hr\/shop\/blog\/","title":{"rendered":"Blog"},"content":{"rendered":"\t\t<div data-elementor-type=\"wp-page\" data-elementor-id=\"14252\" class=\"elementor elementor-14252\" data-elementor-post-type=\"page\">\n\t\t\t\t\t\t<section class=\"elementor-section elementor-top-section elementor-element elementor-element-5f480f0 elementor-section-boxed elementor-section-height-default elementor-section-height-default\" data-id=\"5f480f0\" data-element_type=\"section\" data-settings=\"{&quot;background_background&quot;:&quot;slideshow&quot;,&quot;background_slideshow_gallery&quot;:[{&quot;id&quot;:2211,&quot;url&quot;:&quot;https:\\\/\\\/dika.hr\\\/shop\\\/wp-content\\\/uploads\\\/2024\\\/09\\\/shoes-page-title.jpg&quot;}],&quot;background_slideshow_loop&quot;:&quot;yes&quot;,&quot;background_slideshow_slide_duration&quot;:5000,&quot;background_slideshow_slide_transition&quot;:&quot;fade&quot;,&quot;background_slideshow_transition_duration&quot;:500}\">\n\t\t\t\t\t\t<div class=\"elementor-container elementor-column-gap-default\">\n\t\t\t\t\t<div class=\"elementor-column elementor-col-100 elementor-top-column elementor-element elementor-element-00175ca\" data-id=\"00175ca\" data-element_type=\"column\">\n\t\t\t<div class=\"elementor-widget-wrap elementor-element-populated\">\n\t\t\t\t\t\t<div class=\"elementor-element elementor-element-8df0726 elementor-widget elementor-widget-heading\" data-id=\"8df0726\" data-element_type=\"widget\" data-widget_type=\"heading.default\">\n\t\t\t\t<div class=\"elementor-widget-container\">\n\t\t\t\t\t<h1 class=\"elementor-heading-title elementor-size-default\">Blog<\/h1>\t\t\t\t<\/div>\n\t\t\t\t<\/div>\n\t\t\t\t<div class=\"elementor-element elementor-element-a2536e1 elementor-widget__width-initial elementor-widget elementor-widget-text-editor\" data-id=\"a2536e1\" data-element_type=\"widget\" data-widget_type=\"text-editor.default\">\n\t\t\t\t<div class=\"elementor-widget-container\">\n\t\t\t\t\t\t\t\t\t<p>Novosti, savjeti i inspiracija iz Dika \u0160tik radionice. Donosimo ideje za brendiranu odje\u0107u, vez, tisak i promotivne proizvode za udruge, dru\u0161tva, timove i tvrtke.<\/p>\t\t\t\t\t\t\t\t<\/div>\n\t\t\t\t<\/div>\n\t\t\t\t\t<\/div>\n\t\t<\/div>\n\t\t\t\t\t<\/div>\n\t\t<\/section>\n\t\t\t\t<section class=\"elementor-section elementor-top-section elementor-element elementor-element-c6c5019 elementor-section-boxed elementor-section-height-default elementor-section-height-default\" data-id=\"c6c5019\" data-element_type=\"section\">\n\t\t\t\t\t\t<div class=\"elementor-container elementor-column-gap-default\">\n\t\t\t\t\t<div class=\"elementor-column elementor-col-100 elementor-top-column elementor-element elementor-element-6b26a32\" data-id=\"6b26a32\" data-element_type=\"column\">\n\t\t\t<div class=\"elementor-widget-wrap elementor-element-populated\">\n\t\t\t\t\t\t<div class=\"elementor-element elementor-element-cf1f029 elementor-widget elementor-widget-heading\" data-id=\"cf1f029\" data-element_type=\"widget\" data-widget_type=\"heading.default\">\n\t\t\t\t<div class=\"elementor-widget-container\">\n\t\t\t\t\t<h2 class=\"elementor-heading-title elementor-size-default\">Najnovije objave<\/h2>\t\t\t\t<\/div>\n\t\t\t\t<\/div>\n\t\t\t\t<div class=\"elementor-element elementor-element-cb48df2 elementor-widget elementor-widget-shortcode\" data-id=\"cb48df2\" data-element_type=\"widget\" data-widget_type=\"shortcode.default\">\n\t\t\t\t<div class=\"elementor-widget-container\">\n\t\t\t\t\t\t\t<div class=\"elementor-shortcode\"><style type='text\/css' media='all'>#rt-tpg-container-2381243502 .rt-holder .rt-woo-info .price{color:#4f4f4f;}body .rt-tpg-container .rt-tpg-isotope-buttons .selected,\n\t\t\t\t\t#rt-tpg-container-2381243502 .layout12 .rt-holder:hover .rt-detail,\n\t\t\t\t\t#rt-tpg-container-2381243502 .isotope8 .rt-holder:hover .rt-detail,\n\t\t\t\t\t#rt-tpg-container-2381243502 .carousel8 .rt-holder:hover .rt-detail,\n\t\t\t\t\t#rt-tpg-container-2381243502 .layout13 .rt-holder .overlay .post-info,\n\t\t\t\t\t#rt-tpg-container-2381243502 .isotope9 .rt-holder .overlay .post-info,\n\t\t\t\t\t#rt-tpg-container-2381243502.rt-tpg-container .layout4 .rt-holder .rt-detail,\n\t\t\t\t\t.rt-modal-2381243502 .md-content,\n\t\t\t\t\t.rt-modal-2381243502 .md-content > .rt-md-content-holder .rt-md-content,\n\t\t\t\t\t.rt-popup-wrap-2381243502.rt-popup-wrap .rt-popup-navigation-wrap,\n\t\t\t\t\t#rt-tpg-container-2381243502 .carousel9 .rt-holder .overlay .post-info{background-color:#4f4f4f;}#rt-tpg-container-2381243502 .layout5 .rt-holder .overlay, #rt-tpg-container-2381243502 .isotope2 .rt-holder .overlay, #rt-tpg-container-2381243502 .carousel2 .rt-holder .overlay,#rt-tpg-container-2381243502 .layout15 .rt-holder h3, #rt-tpg-container-2381243502 .isotope11 .rt-holder h3, #rt-tpg-container-2381243502 .carousel11 .rt-holder h3, #rt-tpg-container-2381243502 .layout16 .rt-holder h3,\n\t\t\t\t\t#rt-tpg-container-2381243502 .isotope12 .rt-holder h3, #rt-tpg-container-2381243502 .carousel12 .rt-holder h3 {background-color:rgba(79,79,79,0.8);}#rt-tpg-container-2381243502 .read-more a{border-radius:px;}#rt-tpg-container-2381243502 .rt-img-holder img.rt-img-responsive,#rt-tpg-container-2381243502 .rt-img-holder,\n\t\t\t\t\t#rt-tpg-container-2381243502 .rt-post-overlay .post-img,\n\t\t\t\t\t#rt-tpg-container-2381243502 .post-sm .post-img,\n\t\t\t\t\t#rt-tpg-container-2381243502 .rt-post-grid .post-img,\n\t\t\t\t\t#rt-tpg-container-2381243502 .post-img img {border-radius:px;}<\/style><div class='rt-container-fluid rt-tpg-container tpg-shortcode-main-wrapper  loading' id='rt-tpg-container-2381243502'   data-layout='layout12' data-grid-style='even' data-desktop-col='3'  data-tab-col='2'  data-mobile-col='1' data-sc-id='14250'><div data-title='Loading ...' class='rt-row rt-content-loader   layout12 tpg-even '><div class=\"rt-col-md-4 rt-col-sm-6 rt-col-xs-12 even-grid-item rt-grid-item\" data-id=\"14549\"><div class=\"rt-holder\"><div class=\"rt-img-holder\"><a data-id='14549' class='' href='https:\/\/dika.hr\/shop\/2026\/05\/12\/dika-suradnja-hsrs\/'><img fetchpriority=\"high\" decoding=\"async\" width=\"1200\" height=\"675\" src=\"https:\/\/dika.hr\/shop\/wp-content\/uploads\/2026\/05\/Dika-stik-sluzbeni-partner-Hrvatskog-sportsko-ribolovnog-saveza-za-opremu-ribocuvara-1-1.jpg\" class=\"rt-img-responsive \" alt=\"\" \/><\/a><\/div> <div class='rt-detail'><div class='post-meta-user '><span class='date-meta'><i class='flaticon-calendar '><\/i>12\/05\/2026<\/span><span class='categories-links'><a class=\"uncategorized\" href=\"https:\/\/dika.hr\/shop\/category\/uncategorized\/\" rel=\"tag\">Uncategorized<\/a><\/span><span class=\"comment-count\"><a href=\"https:\/\/dika.hr\/shop\/2026\/05\/12\/dika-suradnja-hsrs\/#respond\"><i class='flaticon-chat '><\/i>0<\/a><\/span><\/div><h3 class=\"entry-title\"><a data-id=\"14549\" class=\"\" href=\"https:\/\/dika.hr\/shop\/2026\/05\/12\/dika-suradnja-hsrs\/\">Dika \u0161tik slu\u017ebeni partner Hrvatskog \u0161portsko ribolovnog saveza za opremu ribo\u010duvara<\/a><\/h3><div class='tpg-excerpt'>Dugoro\u010dna suradnja za slu\u017ebenu opremu ribo\u010duvara S velikim zadovoljstvom objavljujemo va\u017enu novost za Dika \u0161tik...<\/div><div class='post-meta '><span class='read-more'><a data-id='14549' class='' href='https:\/\/dika.hr\/shop\/2026\/05\/12\/dika-suradnja-hsrs\/'>Pro\u010ditaj vi\u0161e<\/a><\/span><\/div><\/div><\/div><\/div><div class=\"rt-col-md-4 rt-col-sm-6 rt-col-xs-12 even-grid-item rt-grid-item\" data-id=\"14319\"><div class=\"rt-holder\"><div class=\"rt-img-holder\"><a data-id='14319' class='' href='https:\/\/dika.hr\/shop\/2026\/05\/05\/dika-stik-postala-sluzbena-trgovina-hrvatskog-lovackog-saveza\/'><img decoding=\"async\" width=\"1200\" height=\"675\" src=\"https:\/\/dika.hr\/shop\/wp-content\/uploads\/2026\/05\/Blog-DIKA.jpg\" class=\"rt-img-responsive \" alt=\"\" \/><\/a><\/div> <div class='rt-detail'><div class='post-meta-user '><span class='date-meta'><i class='flaticon-calendar '><\/i>05\/05\/2026<\/span><span class='categories-links'><a class=\"novosti\" href=\"https:\/\/dika.hr\/shop\/category\/novosti\/\" rel=\"tag\">Novosti<\/a><\/span><span class=\"comment-count\"><a href=\"https:\/\/dika.hr\/shop\/2026\/05\/05\/dika-stik-postala-sluzbena-trgovina-hrvatskog-lovackog-saveza\/#respond\"><i class='flaticon-chat '><\/i>0<\/a><\/span><\/div><h3 class=\"entry-title\"><a data-id=\"14319\" class=\"\" href=\"https:\/\/dika.hr\/shop\/2026\/05\/05\/dika-stik-postala-sluzbena-trgovina-hrvatskog-lovackog-saveza\/\">Dika \u0160tik postala slu\u017ebena trgovina Hrvatskog lova\u010dkog saveza<\/a><\/h3><div class='tpg-excerpt'>Dika \u0160tik s ponosom predstavlja slu\u017ebenu suradnju s Hrvatskim lova\u010dkim savezom, kroz koju imamo ekskluzivno...<\/div><div class='post-meta '><span class='read-more'><a data-id='14319' class='' href='https:\/\/dika.hr\/shop\/2026\/05\/05\/dika-stik-postala-sluzbena-trgovina-hrvatskog-lovackog-saveza\/'>Pro\u010ditaj vi\u0161e<\/a><\/span><\/div><\/div><\/div><\/div><div class=\"rt-col-md-4 rt-col-sm-6 rt-col-xs-12 even-grid-item rt-grid-item\" data-id=\"14268\"><div class=\"rt-holder\"><div class=\"rt-img-holder\"><a data-id='14268' class='' href='https:\/\/dika.hr\/shop\/2026\/05\/03\/dobrodosli-na-dika-stik-blog\/'><img decoding=\"async\" width=\"1200\" height=\"675\" src=\"https:\/\/dika.hr\/shop\/wp-content\/uploads\/2026\/05\/blok-dika-stik.jpg\" class=\"rt-img-responsive \" alt=\"Dika \u0160tik brendirana odje\u0107a vez i tisak\" \/><\/a><\/div> <div class='rt-detail'><div class='post-meta-user '><span class='date-meta'><i class='flaticon-calendar '><\/i>03\/05\/2026<\/span><span class='categories-links'><a class=\"novosti\" href=\"https:\/\/dika.hr\/shop\/category\/novosti\/\" rel=\"tag\">Novosti<\/a><\/span><span class=\"comment-count\"><a href=\"https:\/\/dika.hr\/shop\/2026\/05\/03\/dobrodosli-na-dika-stik-blog\/#respond\"><i class='flaticon-chat '><\/i>0<\/a><\/span><\/div><h3 class=\"entry-title\"><a data-id=\"14268\" class=\"\" href=\"https:\/\/dika.hr\/shop\/2026\/05\/03\/dobrodosli-na-dika-stik-blog\/\">Dobrodo\u0161li na Dika \u0160tik blog<\/a><\/h3><div class='tpg-excerpt'>Brendirana odje\u0107a danas je puno vi\u0161e od obi\u010dne majice, kape ili jakne s logotipom. Ona...<\/div><div class='post-meta '><span class='read-more'><a data-id='14268' class='' href='https:\/\/dika.hr\/shop\/2026\/05\/03\/dobrodosli-na-dika-stik-blog\/'>Pro\u010ditaj vi\u0161e<\/a><\/span><\/div><\/div><\/div><\/div><\/div><\/div><\/div>\n\t\t\t\t\t\t<\/div>\n\t\t\t\t<\/div>\n\t\t\t\t\t<\/div>\n\t\t<\/div>\n\t\t\t\t\t<\/div>\n\t\t<\/section>\n\t\t\t\t<\/div>\n\t\t","protected":false},"excerpt":{"rendered":"<p>Blog Novosti, savjeti i inspiracija iz Dika \u0160tik radionice. Donosimo ideje za brendiranu odje\u0107u, vez, tisak i promotivne proizvode za udruge, dru\u0161tva, timove i tvrtke. Najnovije objave<\/p>\n","protected":false},"author":12542,"featured_media":0,"parent":0,"menu_order":0,"comment_status":"closed","ping_status":"closed","template":"","meta":{"_acf_changed":false,"inline_featured_image":false,"footnotes":""},"class_list":["post-14252","page","type-page","status-publish","hentry"],"acf":[],"yoast_head":"<!-- This site is optimized with the Yoast SEO plugin v27.3 - https:\/\/yoast.com\/product\/yoast-seo-wordpress\/ -->\n<title>Blog - Dika \u0160tik<\/title>\n<meta name=\"robots\" content=\"index, follow, max-snippet:-1, max-image-preview:large, max-video-preview:-1\" \/>\n<link rel=\"canonical\" href=\"https:\/\/dika.hr\/shop\/blog\/\" \/>\n<meta property=\"og:locale\" content=\"hr_HR\" \/>\n<meta property=\"og:type\" content=\"article\" \/>\n<meta property=\"og:title\" content=\"Blog - Dika \u0160tik\" \/>\n<meta property=\"og:description\" content=\"Blog Novosti, savjeti i inspiracija iz Dika \u0160tik radionice. Donosimo ideje za brendiranu odje\u0107u, vez, tisak i promotivne proizvode za udruge, dru\u0161tva, timove i tvrtke. Najnovije objave\" \/>\n<meta property=\"og:url\" content=\"https:\/\/dika.hr\/shop\/blog\/\" \/>\n<meta property=\"og:site_name\" content=\"Dika \u0160tik\" \/>\n<meta property=\"article:publisher\" content=\"https:\/\/www.facebook.com\/dikastik.hr\/\" \/>\n<meta property=\"article:modified_time\" content=\"2026-05-03T08:32:19+00:00\" \/>\n<meta name=\"twitter:card\" content=\"summary_large_image\" \/>\n<meta name=\"twitter:label1\" content=\"Procijenjeno vrijeme \u010ditanja\" \/>\n\t<meta name=\"twitter:data1\" content=\"1 minuta\" \/>\n<script type=\"application\/ld+json\" class=\"yoast-schema-graph\">{\"@context\":\"https:\\\/\\\/schema.org\",\"@graph\":[{\"@type\":\"WebPage\",\"@id\":\"https:\\\/\\\/dika.hr\\\/shop\\\/blog\\\/\",\"url\":\"https:\\\/\\\/dika.hr\\\/shop\\\/blog\\\/\",\"name\":\"Blog - Dika \u0160tik\",\"isPartOf\":{\"@id\":\"https:\\\/\\\/dika.hr\\\/shop\\\/#website\"},\"datePublished\":\"2026-05-03T08:07:14+00:00\",\"dateModified\":\"2026-05-03T08:32:19+00:00\",\"breadcrumb\":{\"@id\":\"https:\\\/\\\/dika.hr\\\/shop\\\/blog\\\/#breadcrumb\"},\"inLanguage\":\"hr\",\"potentialAction\":[{\"@type\":\"ReadAction\",\"target\":[\"https:\\\/\\\/dika.hr\\\/shop\\\/blog\\\/\"]}]},{\"@type\":\"BreadcrumbList\",\"@id\":\"https:\\\/\\\/dika.hr\\\/shop\\\/blog\\\/#breadcrumb\",\"itemListElement\":[{\"@type\":\"ListItem\",\"position\":1,\"name\":\"Po\u010detna stranica\",\"item\":\"https:\\\/\\\/dika.hr\\\/shop\\\/\"},{\"@type\":\"ListItem\",\"position\":2,\"name\":\"Blog\"}]},{\"@type\":\"WebSite\",\"@id\":\"https:\\\/\\\/dika.hr\\\/shop\\\/#website\",\"url\":\"https:\\\/\\\/dika.hr\\\/shop\\\/\",\"name\":\"Dika \u0160tik\",\"description\":\"\",\"publisher\":{\"@id\":\"https:\\\/\\\/dika.hr\\\/shop\\\/#organization\"},\"potentialAction\":[{\"@type\":\"SearchAction\",\"target\":{\"@type\":\"EntryPoint\",\"urlTemplate\":\"https:\\\/\\\/dika.hr\\\/shop\\\/?s={search_term_string}\"},\"query-input\":{\"@type\":\"PropertyValueSpecification\",\"valueRequired\":true,\"valueName\":\"search_term_string\"}}],\"inLanguage\":\"hr\"},{\"@type\":\"Organization\",\"@id\":\"https:\\\/\\\/dika.hr\\\/shop\\\/#organization\",\"name\":\"Dika \u0160tik\",\"url\":\"https:\\\/\\\/dika.hr\\\/shop\\\/\",\"logo\":{\"@type\":\"ImageObject\",\"inLanguage\":\"hr\",\"@id\":\"https:\\\/\\\/dika.hr\\\/shop\\\/#\\\/schema\\\/logo\\\/image\\\/\",\"url\":\"https:\\\/\\\/dika.hr\\\/shop\\\/wp-content\\\/uploads\\\/2024\\\/09\\\/dika_shop_logo-2.png\",\"contentUrl\":\"https:\\\/\\\/dika.hr\\\/shop\\\/wp-content\\\/uploads\\\/2024\\\/09\\\/dika_shop_logo-2.png\",\"width\":400,\"height\":109,\"caption\":\"Dika \u0160tik\"},\"image\":{\"@id\":\"https:\\\/\\\/dika.hr\\\/shop\\\/#\\\/schema\\\/logo\\\/image\\\/\"},\"sameAs\":[\"https:\\\/\\\/www.facebook.com\\\/dikastik.hr\\\/\"]}]}<\/script>\n<!-- \/ Yoast SEO plugin. -->","yoast_head_json":{"title":"Blog - Dika \u0160tik","robots":{"index":"index","follow":"follow","max-snippet":"max-snippet:-1","max-image-preview":"max-image-preview:large","max-video-preview":"max-video-preview:-1"},"canonical":"https:\/\/dika.hr\/shop\/blog\/","og_locale":"hr_HR","og_type":"article","og_title":"Blog - Dika \u0160tik","og_description":"Blog Novosti, savjeti i inspiracija iz Dika \u0160tik radionice. Donosimo ideje za brendiranu odje\u0107u, vez, tisak i promotivne proizvode za udruge, dru\u0161tva, timove i tvrtke. Najnovije objave","og_url":"https:\/\/dika.hr\/shop\/blog\/","og_site_name":"Dika \u0160tik","article_publisher":"https:\/\/www.facebook.com\/dikastik.hr\/","article_modified_time":"2026-05-03T08:32:19+00:00","twitter_card":"summary_large_image","twitter_misc":{"Procijenjeno vrijeme \u010ditanja":"1 minuta"},"schema":{"@context":"https:\/\/schema.org","@graph":[{"@type":"WebPage","@id":"https:\/\/dika.hr\/shop\/blog\/","url":"https:\/\/dika.hr\/shop\/blog\/","name":"Blog - Dika \u0160tik","isPartOf":{"@id":"https:\/\/dika.hr\/shop\/#website"},"datePublished":"2026-05-03T08:07:14+00:00","dateModified":"2026-05-03T08:32:19+00:00","breadcrumb":{"@id":"https:\/\/dika.hr\/shop\/blog\/#breadcrumb"},"inLanguage":"hr","potentialAction":[{"@type":"ReadAction","target":["https:\/\/dika.hr\/shop\/blog\/"]}]},{"@type":"BreadcrumbList","@id":"https:\/\/dika.hr\/shop\/blog\/#breadcrumb","itemListElement":[{"@type":"ListItem","position":1,"name":"Po\u010detna stranica","item":"https:\/\/dika.hr\/shop\/"},{"@type":"ListItem","position":2,"name":"Blog"}]},{"@type":"WebSite","@id":"https:\/\/dika.hr\/shop\/#website","url":"https:\/\/dika.hr\/shop\/","name":"Dika \u0160tik","description":"","publisher":{"@id":"https:\/\/dika.hr\/shop\/#organization"},"potentialAction":[{"@type":"SearchAction","target":{"@type":"EntryPoint","urlTemplate":"https:\/\/dika.hr\/shop\/?s={search_term_string}"},"query-input":{"@type":"PropertyValueSpecification","valueRequired":true,"valueName":"search_term_string"}}],"inLanguage":"hr"},{"@type":"Organization","@id":"https:\/\/dika.hr\/shop\/#organization","name":"Dika \u0160tik","url":"https:\/\/dika.hr\/shop\/","logo":{"@type":"ImageObject","inLanguage":"hr","@id":"https:\/\/dika.hr\/shop\/#\/schema\/logo\/image\/","url":"https:\/\/dika.hr\/shop\/wp-content\/uploads\/2024\/09\/dika_shop_logo-2.png","contentUrl":"https:\/\/dika.hr\/shop\/wp-content\/uploads\/2024\/09\/dika_shop_logo-2.png","width":400,"height":109,"caption":"Dika \u0160tik"},"image":{"@id":"https:\/\/dika.hr\/shop\/#\/schema\/logo\/image\/"},"sameAs":["https:\/\/www.facebook.com\/dikastik.hr\/"]}]}},"rttpg_featured_image_url":null,"rttpg_author":{"display_name":"Damir Hodic","author_link":"https:\/\/dika.hr\/shop\/author\/damir-dika\/"},"rttpg_comment":0,"rttpg_category":"","rttpg_excerpt":"Blog Novosti, savjeti i inspiracija iz Dika \u0160tik radionice. Donosimo ideje za brendiranu odje\u0107u, vez, tisak i promotivne proizvode za udruge, dru\u0161tva, timove i tvrtke. Najnovije objave","_links":{"self":[{"href":"https:\/\/dika.hr\/shop\/wp-json\/wp\/v2\/pages\/14252","targetHints":{"allow":["GET"]}}],"collection":[{"href":"https:\/\/dika.hr\/shop\/wp-json\/wp\/v2\/pages"}],"about":[{"href":"https:\/\/dika.hr\/shop\/wp-json\/wp\/v2\/types\/page"}],"author":[{"embeddable":true,"href":"https:\/\/dika.hr\/shop\/wp-json\/wp\/v2\/users\/12542"}],"replies":[{"embeddable":true,"href":"https:\/\/dika.hr\/shop\/wp-json\/wp\/v2\/comments?post=14252"}],"version-history":[{"count":7,"href":"https:\/\/dika.hr\/shop\/wp-json\/wp\/v2\/pages\/14252\/revisions"}],"predecessor-version":[{"id":14264,"href":"https:\/\/dika.hr\/shop\/wp-json\/wp\/v2\/pages\/14252\/revisions\/14264"}],"wp:attachment":[{"href":"https:\/\/dika.hr\/shop\/wp-json\/wp\/v2\/media?parent=14252"}],"curies":[{"name":"wp","href":"https:\/\/api.w.org\/{rel}","templated":true}]}}