{"id":6472,"date":"2025-02-26T18:36:49","date_gmt":"2025-02-26T17:36:49","guid":{"rendered":"https:\/\/dika.hr\/shop\/?post_type=product&#038;p=6472"},"modified":"2026-04-09T07:40:59","modified_gmt":"2026-04-09T05:40:59","slug":"djecja-t-shirt-majica","status":"publish","type":"product","link":"https:\/\/dika.hr\/shop\/proizvod\/djecja-t-shirt-majica\/","title":{"rendered":"DJE\u010cJA T SHIRT MAJICA"},"content":{"rendered":"<div class=\"Description__subtitle\">Majica kratkih rukava dje\u010dja<\/div>\n<div class=\"Description__description-sizes\"><\/div>\n<div class=\"Description__description-sizes\"><\/div>\n<ul>\n<li>Single Jersey, 100 % pamuk (sastav mo\u017ee varirati &#8211; boja 03 &#8211; 97 % pamuk, 3 % viskoza, boja 12 \u2013 85 % pamuk, 15 % viskoza), silikonska obrada<\/li>\n<\/ul>\n<div class=\"Description__description-list\">\n<ul>\n<li>kroj s bo\u010dnim \u0161avovima<\/li>\n<li>uzak porub ovratnika od rebraste pletenine 1:1 s 5% elastana<\/li>\n<li>unutarnji dio ovratnika za\u0161ti\u0107en trakom od gornjeg materijala<\/li>\n<li>trakom oja\u010dani \u0161avovi na ramenima<\/li>\n<li>silikonska obrada<\/li>\n<li>s lova\u010dkim motivom jelena na prsima u zlatnoj boji<\/li>\n<\/ul>\n<\/div>\n<div class=\"Description__description-list\">\n<ul>\n<li><strong>najmanja narud\u017eba:<\/strong>\u00a01 komad<\/li>\n<\/ul>\n<\/div>\n<ul>\n<li><span style=\"color: #000000;\"><span style=\"font-family: Montserrat, serif;\"><span style=\"font-size: small;\"><b>PROIZVOD S ETIKETOM MALFINI<\/b><\/span><\/span><\/span><\/li>\n<\/ul>\n","protected":false},"excerpt":{"rendered":"<p>Mu\u0161ka majica kratkih rukava s lova\u010dkim logom<\/p>\n<div id=\"gtx-trans\" style=\"position: absolute; left: 210px; top: 38px;\">\n<div class=\"gtx-trans-icon\"><\/div>\n<\/div>\n","protected":false},"featured_media":6520,"template":"","meta":{"_acf_changed":false,"inline_featured_image":false},"product_brand":[],"product_cat":[16,17,266],"product_tag":[],"class_list":{"0":"post-6472","1":"product","2":"type-product","3":"status-publish","4":"has-post-thumbnail","6":"product_cat-lovacki-program","7":"product_cat-lovacke-majice","8":"product_cat-t-shirt-lovacko","10":"first","11":"instock","12":"taxable","13":"shipping-taxable","14":"purchasable","15":"product-type-variable"},"acf":[],"yoast_head":"<!-- This site is optimized with the Yoast SEO plugin v27.3 - https:\/\/yoast.com\/product\/yoast-seo-wordpress\/ -->\n<title>DJE\u010cJA T SHIRT MAJICA - Dika \u0160tik<\/title>\n<meta name=\"robots\" content=\"index, follow, max-snippet:-1, max-image-preview:large, max-video-preview:-1\" \/>\n<link rel=\"canonical\" href=\"https:\/\/dika.hr\/shop\/proizvod\/djecja-t-shirt-majica\/\" \/>\n<meta property=\"og:locale\" content=\"hr_HR\" \/>\n<meta property=\"og:type\" content=\"article\" \/>\n<meta property=\"og:title\" content=\"DJE\u010cJA T SHIRT MAJICA - Dika \u0160tik\" \/>\n<meta property=\"og:description\" content=\"Mu\u0161ka majica kratkih rukava s lova\u010dkim logom\" \/>\n<meta property=\"og:url\" content=\"https:\/\/dika.hr\/shop\/proizvod\/djecja-t-shirt-majica\/\" \/>\n<meta property=\"og:site_name\" content=\"Dika \u0160tik\" \/>\n<meta property=\"article:publisher\" content=\"https:\/\/www.facebook.com\/dikastik.hr\/\" \/>\n<meta property=\"article:modified_time\" content=\"2026-04-09T05:40:59+00:00\" \/>\n<meta property=\"og:image\" content=\"https:\/\/dika.hr\/shop\/wp-content\/uploads\/2025\/02\/138_69_c_jelen-scaled.jpg\" \/>\n\t<meta property=\"og:image:width\" content=\"2257\" \/>\n\t<meta property=\"og:image:height\" content=\"2560\" \/>\n\t<meta property=\"og:image:type\" content=\"image\/jpeg\" \/>\n<meta name=\"twitter:card\" content=\"summary_large_image\" \/>\n<script type=\"application\/ld+json\" class=\"yoast-schema-graph\">{\"@context\":\"https:\\\/\\\/schema.org\",\"@graph\":[{\"@type\":\"WebPage\",\"@id\":\"https:\\\/\\\/dika.hr\\\/shop\\\/proizvod\\\/djecja-t-shirt-majica\\\/\",\"url\":\"https:\\\/\\\/dika.hr\\\/shop\\\/proizvod\\\/djecja-t-shirt-majica\\\/\",\"name\":\"DJE\u010cJA T SHIRT MAJICA - Dika \u0160tik\",\"isPartOf\":{\"@id\":\"https:\\\/\\\/dika.hr\\\/shop\\\/#website\"},\"primaryImageOfPage\":{\"@id\":\"https:\\\/\\\/dika.hr\\\/shop\\\/proizvod\\\/djecja-t-shirt-majica\\\/#primaryimage\"},\"image\":{\"@id\":\"https:\\\/\\\/dika.hr\\\/shop\\\/proizvod\\\/djecja-t-shirt-majica\\\/#primaryimage\"},\"thumbnailUrl\":\"https:\\\/\\\/dika.hr\\\/shop\\\/wp-content\\\/uploads\\\/2025\\\/02\\\/138_69_c_jelen-scaled.jpg\",\"datePublished\":\"2025-02-26T17:36:49+00:00\",\"dateModified\":\"2026-04-09T05:40:59+00:00\",\"breadcrumb\":{\"@id\":\"https:\\\/\\\/dika.hr\\\/shop\\\/proizvod\\\/djecja-t-shirt-majica\\\/#breadcrumb\"},\"inLanguage\":\"hr\",\"potentialAction\":[{\"@type\":\"ReadAction\",\"target\":[\"https:\\\/\\\/dika.hr\\\/shop\\\/proizvod\\\/djecja-t-shirt-majica\\\/\"]}]},{\"@type\":\"ImageObject\",\"inLanguage\":\"hr\",\"@id\":\"https:\\\/\\\/dika.hr\\\/shop\\\/proizvod\\\/djecja-t-shirt-majica\\\/#primaryimage\",\"url\":\"https:\\\/\\\/dika.hr\\\/shop\\\/wp-content\\\/uploads\\\/2025\\\/02\\\/138_69_c_jelen-scaled.jpg\",\"contentUrl\":\"https:\\\/\\\/dika.hr\\\/shop\\\/wp-content\\\/uploads\\\/2025\\\/02\\\/138_69_c_jelen-scaled.jpg\",\"width\":2257,\"height\":2560},{\"@type\":\"BreadcrumbList\",\"@id\":\"https:\\\/\\\/dika.hr\\\/shop\\\/proizvod\\\/djecja-t-shirt-majica\\\/#breadcrumb\",\"itemListElement\":[{\"@type\":\"ListItem\",\"position\":1,\"name\":\"Po\u010detna stranica\",\"item\":\"https:\\\/\\\/dika.hr\\\/shop\\\/\"},{\"@type\":\"ListItem\",\"position\":2,\"name\":\"Trgovina\",\"item\":\"https:\\\/\\\/dika.hr\\\/shop\\\/trgovina\\\/\"},{\"@type\":\"ListItem\",\"position\":3,\"name\":\"DJE\u010cJA T SHIRT MAJICA\"}]},{\"@type\":\"WebSite\",\"@id\":\"https:\\\/\\\/dika.hr\\\/shop\\\/#website\",\"url\":\"https:\\\/\\\/dika.hr\\\/shop\\\/\",\"name\":\"Dika \u0160tik\",\"description\":\"\",\"publisher\":{\"@id\":\"https:\\\/\\\/dika.hr\\\/shop\\\/#organization\"},\"potentialAction\":[{\"@type\":\"SearchAction\",\"target\":{\"@type\":\"EntryPoint\",\"urlTemplate\":\"https:\\\/\\\/dika.hr\\\/shop\\\/?s={search_term_string}\"},\"query-input\":{\"@type\":\"PropertyValueSpecification\",\"valueRequired\":true,\"valueName\":\"search_term_string\"}}],\"inLanguage\":\"hr\"},{\"@type\":\"Organization\",\"@id\":\"https:\\\/\\\/dika.hr\\\/shop\\\/#organization\",\"name\":\"Dika \u0160tik\",\"url\":\"https:\\\/\\\/dika.hr\\\/shop\\\/\",\"logo\":{\"@type\":\"ImageObject\",\"inLanguage\":\"hr\",\"@id\":\"https:\\\/\\\/dika.hr\\\/shop\\\/#\\\/schema\\\/logo\\\/image\\\/\",\"url\":\"https:\\\/\\\/dika.hr\\\/shop\\\/wp-content\\\/uploads\\\/2024\\\/09\\\/dika_shop_logo-2.png\",\"contentUrl\":\"https:\\\/\\\/dika.hr\\\/shop\\\/wp-content\\\/uploads\\\/2024\\\/09\\\/dika_shop_logo-2.png\",\"width\":400,\"height\":109,\"caption\":\"Dika \u0160tik\"},\"image\":{\"@id\":\"https:\\\/\\\/dika.hr\\\/shop\\\/#\\\/schema\\\/logo\\\/image\\\/\"},\"sameAs\":[\"https:\\\/\\\/www.facebook.com\\\/dikastik.hr\\\/\"]}]}<\/script>\n<!-- \/ Yoast SEO plugin. -->","yoast_head_json":{"title":"DJE\u010cJA T SHIRT MAJICA - Dika \u0160tik","robots":{"index":"index","follow":"follow","max-snippet":"max-snippet:-1","max-image-preview":"max-image-preview:large","max-video-preview":"max-video-preview:-1"},"canonical":"https:\/\/dika.hr\/shop\/proizvod\/djecja-t-shirt-majica\/","og_locale":"hr_HR","og_type":"article","og_title":"DJE\u010cJA T SHIRT MAJICA - Dika \u0160tik","og_description":"Mu\u0161ka majica kratkih rukava s lova\u010dkim logom","og_url":"https:\/\/dika.hr\/shop\/proizvod\/djecja-t-shirt-majica\/","og_site_name":"Dika \u0160tik","article_publisher":"https:\/\/www.facebook.com\/dikastik.hr\/","article_modified_time":"2026-04-09T05:40:59+00:00","og_image":[{"width":2257,"height":2560,"url":"https:\/\/dika.hr\/shop\/wp-content\/uploads\/2025\/02\/138_69_c_jelen-scaled.jpg","type":"image\/jpeg"}],"twitter_card":"summary_large_image","schema":{"@context":"https:\/\/schema.org","@graph":[{"@type":"WebPage","@id":"https:\/\/dika.hr\/shop\/proizvod\/djecja-t-shirt-majica\/","url":"https:\/\/dika.hr\/shop\/proizvod\/djecja-t-shirt-majica\/","name":"DJE\u010cJA T SHIRT MAJICA - Dika \u0160tik","isPartOf":{"@id":"https:\/\/dika.hr\/shop\/#website"},"primaryImageOfPage":{"@id":"https:\/\/dika.hr\/shop\/proizvod\/djecja-t-shirt-majica\/#primaryimage"},"image":{"@id":"https:\/\/dika.hr\/shop\/proizvod\/djecja-t-shirt-majica\/#primaryimage"},"thumbnailUrl":"https:\/\/dika.hr\/shop\/wp-content\/uploads\/2025\/02\/138_69_c_jelen-scaled.jpg","datePublished":"2025-02-26T17:36:49+00:00","dateModified":"2026-04-09T05:40:59+00:00","breadcrumb":{"@id":"https:\/\/dika.hr\/shop\/proizvod\/djecja-t-shirt-majica\/#breadcrumb"},"inLanguage":"hr","potentialAction":[{"@type":"ReadAction","target":["https:\/\/dika.hr\/shop\/proizvod\/djecja-t-shirt-majica\/"]}]},{"@type":"ImageObject","inLanguage":"hr","@id":"https:\/\/dika.hr\/shop\/proizvod\/djecja-t-shirt-majica\/#primaryimage","url":"https:\/\/dika.hr\/shop\/wp-content\/uploads\/2025\/02\/138_69_c_jelen-scaled.jpg","contentUrl":"https:\/\/dika.hr\/shop\/wp-content\/uploads\/2025\/02\/138_69_c_jelen-scaled.jpg","width":2257,"height":2560},{"@type":"BreadcrumbList","@id":"https:\/\/dika.hr\/shop\/proizvod\/djecja-t-shirt-majica\/#breadcrumb","itemListElement":[{"@type":"ListItem","position":1,"name":"Po\u010detna stranica","item":"https:\/\/dika.hr\/shop\/"},{"@type":"ListItem","position":2,"name":"Trgovina","item":"https:\/\/dika.hr\/shop\/trgovina\/"},{"@type":"ListItem","position":3,"name":"DJE\u010cJA T SHIRT MAJICA"}]},{"@type":"WebSite","@id":"https:\/\/dika.hr\/shop\/#website","url":"https:\/\/dika.hr\/shop\/","name":"Dika \u0160tik","description":"","publisher":{"@id":"https:\/\/dika.hr\/shop\/#organization"},"potentialAction":[{"@type":"SearchAction","target":{"@type":"EntryPoint","urlTemplate":"https:\/\/dika.hr\/shop\/?s={search_term_string}"},"query-input":{"@type":"PropertyValueSpecification","valueRequired":true,"valueName":"search_term_string"}}],"inLanguage":"hr"},{"@type":"Organization","@id":"https:\/\/dika.hr\/shop\/#organization","name":"Dika \u0160tik","url":"https:\/\/dika.hr\/shop\/","logo":{"@type":"ImageObject","inLanguage":"hr","@id":"https:\/\/dika.hr\/shop\/#\/schema\/logo\/image\/","url":"https:\/\/dika.hr\/shop\/wp-content\/uploads\/2024\/09\/dika_shop_logo-2.png","contentUrl":"https:\/\/dika.hr\/shop\/wp-content\/uploads\/2024\/09\/dika_shop_logo-2.png","width":400,"height":109,"caption":"Dika \u0160tik"},"image":{"@id":"https:\/\/dika.hr\/shop\/#\/schema\/logo\/image\/"},"sameAs":["https:\/\/www.facebook.com\/dikastik.hr\/"]}]}},"_links":{"self":[{"href":"https:\/\/dika.hr\/shop\/wp-json\/wp\/v2\/product\/6472","targetHints":{"allow":["GET"]}}],"collection":[{"href":"https:\/\/dika.hr\/shop\/wp-json\/wp\/v2\/product"}],"about":[{"href":"https:\/\/dika.hr\/shop\/wp-json\/wp\/v2\/types\/product"}],"version-history":[{"count":3,"href":"https:\/\/dika.hr\/shop\/wp-json\/wp\/v2\/product\/6472\/revisions"}],"predecessor-version":[{"id":12708,"href":"https:\/\/dika.hr\/shop\/wp-json\/wp\/v2\/product\/6472\/revisions\/12708"}],"wp:featuredmedia":[{"embeddable":true,"href":"https:\/\/dika.hr\/shop\/wp-json\/wp\/v2\/media\/6520"}],"wp:attachment":[{"href":"https:\/\/dika.hr\/shop\/wp-json\/wp\/v2\/media?parent=6472"}],"wp:term":[{"taxonomy":"product_brand","embeddable":true,"href":"https:\/\/dika.hr\/shop\/wp-json\/wp\/v2\/product_brand?post=6472"},{"taxonomy":"product_cat","embeddable":true,"href":"https:\/\/dika.hr\/shop\/wp-json\/wp\/v2\/product_cat?post=6472"},{"taxonomy":"product_tag","embeddable":true,"href":"https:\/\/dika.hr\/shop\/wp-json\/wp\/v2\/product_tag?post=6472"}],"curies":[{"name":"wp","href":"https:\/\/api.w.org\/{rel}","templated":true}]}}